{"id":688,"date":"2025-11-03T17:29:53","date_gmt":"2025-11-03T16:29:53","guid":{"rendered":"https:\/\/solora.pl\/?page_id=688"},"modified":"2025-11-03T18:14:02","modified_gmt":"2025-11-03T17:14:02","slug":"kasa-copy","status":"publish","type":"page","link":"https:\/\/solora.pl\/?page_id=688","title":{"rendered":"Koszyk1"},"content":{"rendered":"\t\t<div data-elementor-type=\"wp-page\" data-elementor-id=\"688\" class=\"elementor elementor-688\" data-elementor-settings=\"{&quot;ha_cmc_init_switcher&quot;:&quot;no&quot;}\" data-elementor-post-type=\"page\">\n\t\t\t\t<div class=\"elementor-element elementor-element-aa7bc67 e-flex e-con-boxed wpr-particle-no wpr-jarallax-no wpr-parallax-no wpr-sticky-section-no e-con e-parent\" data-id=\"aa7bc67\" data-element_type=\"container\" data-settings=\"{&quot;_ha_eqh_enable&quot;:false}\">\n\t\t\t\t\t<div class=\"e-con-inner\">\n\t\t\t\t<div class=\"elementor-element elementor-element-14a5b1e elementor-widget elementor-widget-eael-woo-cart\" data-id=\"14a5b1e\" data-element_type=\"widget\" data-settings=\"{&quot;eael_woo_cart_table_components_remove_icon&quot;:{&quot;value&quot;:&quot;fas fa-times&quot;,&quot;library&quot;:&quot;fa-solid&quot;},&quot;eael_woo_cart_components_continue_shopping_icon&quot;:{&quot;value&quot;:&quot;fas fa-chevron-left&quot;,&quot;library&quot;:&quot;fa-solid&quot;}}\" data-widget_type=\"eael-woo-cart.default\">\n\t\t\t\t\t\t\t\t\t<div class=\"eael-woo-cart-wrapper eael-woo-cart-empty eael-woo-style-2 eael-auto-update33\">\n\t\t\t\t<div class=\"woocommerce-notices-wrapper\"><\/div><div class=\"wc-empty-cart-message\">\n\t<div class=\"cart-empty woocommerce-info\">\n\t\tTw\u00f3j Koszyk Jest Aktualnie Pusty\t<\/div>\n<\/div>                <\/div>\n\t\t\t\t        <script>document.body.classList.add(\"eael-woo-cart\");<\/script>\n\t\t\t\t\t\t<\/div>\n\t\t\t\t\t<\/div>\n\t\t\t\t<\/div>\n\t\t\t\t<\/div>\n\t\t","protected":false},"excerpt":{"rendered":"<p>PRODUKT Cena Ilo\u015b\u0107 \u0141\u0105cznie Super Klips &#8211; Uchwyt do prze\u015bcierad\u0142a 59,00&nbsp;&#122;&#322; ilo\u015b\u0107 Super Klips &#8211; Uchwyt do prze\u015bcierad\u0142a 118,00&nbsp;&#122;&#322; Coupon: Dodaj Kod Kontynuuj Zakupy Aktualizuj koszyk Podsumowanie koszyka Kwota 118,00&nbsp;&#122;&#322; Wysy\u0142ka Free shipping InPost Paczkomat 24\/7: 15,99&nbsp;&#122;&#322; InPost Paczkomat 24\/7 Pobranie: 18,99&nbsp;&#122;&#322; InPost Kurier Standard: 18,99&nbsp;&#122;&#322; InPost Paczkomat 24\/7 Pobranie: 21,99&nbsp;&#122;&#322; Wysy\u0142ka do: ul. Stefana Batorego 19, Apt. 12, 31-135 Krak\u00f3w. Zmie\u0144 adres Kraj \/ region Wybierz kraj\/region&hellip;AfganistanAlbaniaAlgieriaAndoraAngolaAnguillaAntarktydaAntigua i BarbudaArabia SaudyjskaArgentynaArmeniaArubaAustraliaAustriaAzerbejd\u017canBahamyBahrajnBangladeszBarbadosBelauBelgiaBelizeBeninBermudyBhutanBia\u0142oru\u015bBoliwiaBo\u015bnia i HercegowinaBotswanaBrazyliaBrazzavilleBruneiBrytyjskie Terytorium Oceanu IndyjskiegoBu\u0142gariaBurkina FasoBurundiChileChinyChorwacjaCura&ccedil;aoCyprCzadCzarnog\u00f3raDalekie Wyspy Mniejsze Stan\u00f3w ZjednoczonychDaniaDemokratyczna Republika KongaD\u017cibutiEgiptEkwadorErytreaEstoniaEswatiniEtiopiaFalklandyFid\u017ciFilipinyFinlandiaFrancjaFrancuskie Terytoria Po\u0142udnioweGabonGambiaGeorgia Po\u0142udniowa i Sandwich Po\u0142udniowyGhanaGibraltarGrecjaGrenadaGrenlandiaGruzjaGuamGuernseyGujanaGujana FrancuskaGwadelupaGwatemalaGwineaGwinea BissauGwinea R\u00f3wnikowaHaitiHiszpaniaHolandiaHolandia KaraibskaHondurasHongkongIndieIndonezjaIrakIranIrlandiaIslandiaIzraelJamajkaJaponiaJemenJerseyJordaniaKajmanyKambod\u017caKamerunKanadaKatarKazachstanKeniaKirgistanKiribatiKolumbiaKomoryKorea Po\u0142udniowaKorea P\u00f3\u0142nocnaKosowoKostarykaKubaKuwejtLaosLesotoLibanLiberiaLibiaLiechtensteinLitwaLuksemburg\u0141otwaMadagaskarMajottaMakauMalawiMalediwyMalezjaMaliMaltaMariany P\u00f3\u0142nocneMarokoMartynikaMauretaniaMauritiusMeksykMikronezjaMjanmaMo\u0142dawiaMonakoMongoliaMontserratMozambikNamibiaNauruNepalNiemcyNigerNigeriaNikaraguaNiueNorfolkNorwegiaNowa KaledoniaNowa ZelandiaOmanPakistanPanamaPapua-Nowa GwineaParagwajPeruPitcairnPolinezja FrancuskaPolskaPortorykoPortugaliaP\u00f3\u0142nocna MacedoniaRepublika CzeskaRepublika Dominika\u0144skaRepublika Po\u0142udniowej AfrykiRepublika \u015arodkowoafryka\u0144skaRepublika Zielonego Przyl\u0105dkaReunionRosjaRumuniaRwandaSahara ZachodniaSaint Kitts i NevisSaint LuciaSaint Vincent i GrenadynySaint-Barth&eacute;lemySaint-MartinSaint-Pierre i MiquelonSalwadorSamoaSamoa Ameryka\u0144skieSan MarinoSenegalSerbiaSeszeleSierra LeoneSingapurSint MaartenS\u0142owacjaS\u0142oweniaSomaliaSri LankaStany ZjednoczoneSudanSudan Po\u0142udniowySurinamSvalbard i Jan MayenSyriaSzwajcariaSzwecjaTad\u017cykistanTajlandiaTajwanTanzaniaTerytoria palesty\u0144skieTimor WschodniTogoTokelauTongaTrynidad i TobagoTunezjaTurcjaTurkmenistanTurks i CaicosTuvaluUgandaUkrainaUrugwajUzbekistanVanuatuWallis i FutunaWatykanWenezuelaW\u0119gryWietnamW\u0142ochyWsp\u00f3lnota DominikiWybrze\u017ce Ko\u015bci S\u0142oniowejWyspa BouvetaWyspa Bo\u017cego NarodzeniaWyspa ManWyspa \u015awi\u0119tej HelenyWyspy AlandzkieWyspy CookaWyspy Dziewicze (USA)Wyspy Dziewicze (Wielka Brytania)Wyspy Heard i McDonaldWyspy KokosoweWyspy MarshallaWyspy OwczeWyspy SalomonaWyspy \u015awi\u0119tego Tomasza i Ksi\u0105\u017c\u0119caZambiaZimbabweZjednoczone Emiraty ArabskieZjednoczone Kr\u00f3lestwo (UK) Miejscowo\u015b\u0107: Kod pocztowy: Aktualizuj \u0141\u0105cznie 118,00&nbsp;&#122;&#322; Przejd\u017a do p\u0142atno\u015bci<\/p>\n","protected":false},"author":1,"featured_media":0,"parent":0,"menu_order":0,"comment_status":"closed","ping_status":"closed","template":"elementor_header_footer","meta":{"footnotes":""},"class_list":["post-688","page","type-page","status-publish","hentry"],"aioseo_notices":[],"jetpack_sharing_enabled":true,"_links":{"self":[{"href":"https:\/\/solora.pl\/index.php?rest_route=\/wp\/v2\/pages\/688","targetHints":{"allow":["GET"]}}],"collection":[{"href":"https:\/\/solora.pl\/index.php?rest_route=\/wp\/v2\/pages"}],"about":[{"href":"https:\/\/solora.pl\/index.php?rest_route=\/wp\/v2\/types\/page"}],"author":[{"embeddable":true,"href":"https:\/\/solora.pl\/index.php?rest_route=\/wp\/v2\/users\/1"}],"replies":[{"embeddable":true,"href":"https:\/\/solora.pl\/index.php?rest_route=%2Fwp%2Fv2%2Fcomments&post=688"}],"version-history":[{"count":15,"href":"https:\/\/solora.pl\/index.php?rest_route=\/wp\/v2\/pages\/688\/revisions"}],"predecessor-version":[{"id":890,"href":"https:\/\/solora.pl\/index.php?rest_route=\/wp\/v2\/pages\/688\/revisions\/890"}],"wp:attachment":[{"href":"https:\/\/solora.pl\/index.php?rest_route=%2Fwp%2Fv2%2Fmedia&parent=688"}],"curies":[{"name":"wp","href":"https:\/\/api.w.org\/{rel}","templated":true}]}}