{"id":1100,"date":"2025-12-08T23:11:33","date_gmt":"2025-12-08T22:11:33","guid":{"rendered":"https:\/\/solora.pl\/?post_type=product&#038;p=1100"},"modified":"2025-12-11T20:07:56","modified_gmt":"2025-12-11T19:07:56","slug":"merrycharms-swiateczny-zestaw-bizuterii-dla-dziewczynki","status":"publish","type":"product","link":"https:\/\/solora.pl\/?product=merrycharms-swiateczny-zestaw-bizuterii-dla-dziewczynki","title":{"rendered":"MerryCharms \u2013 \u015awi\u0105teczny Zestaw Bi\u017cuterii dla Dziewczynki"},"content":{"rendered":"","protected":false},"excerpt":{"rendered":"","protected":false},"featured_media":1139,"template":"","meta":[],"product_brand":[54],"product_cat":[55],"product_tag":[],"class_list":{"0":"post-1100","1":"product","2":"type-product","3":"status-publish","4":"has-post-thumbnail","6":"product_brand-merrycharms","7":"product_cat-dziecko","9":"first","10":"instock","11":"sale","12":"shipping-taxable","13":"purchasable","14":"product-type-simple"},"aioseo_notices":[],"jetpack_sharing_enabled":true,"_links":{"self":[{"href":"https:\/\/solora.pl\/index.php?rest_route=\/wp\/v2\/product\/1100","targetHints":{"allow":["GET"]}}],"collection":[{"href":"https:\/\/solora.pl\/index.php?rest_route=\/wp\/v2\/product"}],"about":[{"href":"https:\/\/solora.pl\/index.php?rest_route=\/wp\/v2\/types\/product"}],"version-history":[{"count":3,"href":"https:\/\/solora.pl\/index.php?rest_route=\/wp\/v2\/product\/1100\/revisions"}],"predecessor-version":[{"id":1174,"href":"https:\/\/solora.pl\/index.php?rest_route=\/wp\/v2\/product\/1100\/revisions\/1174"}],"wp:featuredmedia":[{"embeddable":true,"href":"https:\/\/solora.pl\/index.php?rest_route=\/wp\/v2\/media\/1139"}],"wp:attachment":[{"href":"https:\/\/solora.pl\/index.php?rest_route=%2Fwp%2Fv2%2Fmedia&parent=1100"}],"wp:term":[{"taxonomy":"product_brand","embeddable":true,"href":"https:\/\/solora.pl\/index.php?rest_route=%2Fwp%2Fv2%2Fproduct_brand&post=1100"},{"taxonomy":"product_cat","embeddable":true,"href":"https:\/\/solora.pl\/index.php?rest_route=%2Fwp%2Fv2%2Fproduct_cat&post=1100"},{"taxonomy":"product_tag","embeddable":true,"href":"https:\/\/solora.pl\/index.php?rest_route=%2Fwp%2Fv2%2Fproduct_tag&post=1100"}],"curies":[{"name":"wp","href":"https:\/\/api.w.org\/{rel}","templated":true}]}}