{"id":936,"date":"2025-11-14T16:32:10","date_gmt":"2025-11-14T15:32:10","guid":{"rendered":"https:\/\/solora.pl\/?post_type=product&#038;p=936"},"modified":"2025-12-11T23:41:15","modified_gmt":"2025-12-11T22:41:15","slug":"gabka-peelingujaca-gladki-efekt-bez-kosmetykow","status":"publish","type":"product","link":"https:\/\/solora.pl\/?product=gabka-peelingujaca-gladki-efekt-bez-kosmetykow","title":{"rendered":"G\u0105bka Peelinguj\u0105ca &#8211; Velvet Scrub &#8211; G\u0142adki Efekt Bez Kosmetyk\u00f3w"},"content":{"rendered":"","protected":false},"excerpt":{"rendered":"","protected":false},"featured_media":934,"template":"","meta":[],"product_brand":[52],"product_cat":[21],"product_tag":[],"class_list":{"0":"post-936","1":"product","2":"type-product","3":"status-publish","4":"has-post-thumbnail","6":"product_brand-gabka-pilingujaca","7":"product_cat-bez-kategorii","9":"first","10":"outofstock","11":"sale","12":"shipping-taxable","13":"purchasable","14":"product-type-simple"},"aioseo_notices":[],"jetpack_sharing_enabled":true,"_links":{"self":[{"href":"https:\/\/solora.pl\/index.php?rest_route=\/wp\/v2\/product\/936","targetHints":{"allow":["GET"]}}],"collection":[{"href":"https:\/\/solora.pl\/index.php?rest_route=\/wp\/v2\/product"}],"about":[{"href":"https:\/\/solora.pl\/index.php?rest_route=\/wp\/v2\/types\/product"}],"version-history":[{"count":3,"href":"https:\/\/solora.pl\/index.php?rest_route=\/wp\/v2\/product\/936\/revisions"}],"predecessor-version":[{"id":1048,"href":"https:\/\/solora.pl\/index.php?rest_route=\/wp\/v2\/product\/936\/revisions\/1048"}],"wp:featuredmedia":[{"embeddable":true,"href":"https:\/\/solora.pl\/index.php?rest_route=\/wp\/v2\/media\/934"}],"wp:attachment":[{"href":"https:\/\/solora.pl\/index.php?rest_route=%2Fwp%2Fv2%2Fmedia&parent=936"}],"wp:term":[{"taxonomy":"product_brand","embeddable":true,"href":"https:\/\/solora.pl\/index.php?rest_route=%2Fwp%2Fv2%2Fproduct_brand&post=936"},{"taxonomy":"product_cat","embeddable":true,"href":"https:\/\/solora.pl\/index.php?rest_route=%2Fwp%2Fv2%2Fproduct_cat&post=936"},{"taxonomy":"product_tag","embeddable":true,"href":"https:\/\/solora.pl\/index.php?rest_route=%2Fwp%2Fv2%2Fproduct_tag&post=936"}],"curies":[{"name":"wp","href":"https:\/\/api.w.org\/{rel}","templated":true}]}}